?
0
-33 (base 6) to base 15
-16
What is -70 (base 12) in base 14?
-60
Convert -11 (base 7) to base 5.
-13
What is -312 (base 5) in base 16?
-52
Convert 111 (base 7) to base 15.
3c
What is 1 (base 6) in base 10?
1
Convert 0 (base 4) to base 14.
0
20 (base 3) to base 15
6
What is -20 (base 11) in base 9?
-24
What is -10 (base 8) in base 13?
-8
Convert 264 (base 7) to base 15.
99
What is -4 (base 8) in base 4?
-10
Convert 13 (base 14) to base 6.
25
What is b (base 13) in base 3?
102
-3 (base 12) to base 2
-11
Convert 136 (base 8) to base 6.
234
Convert 33 (base 7) to base 6.
40
What is -1b (base 15) in base 5?
-101
What is -47 (base 10) in base 2?
-101111
-4 (base 12) to base 2
-100
What is -7 (base 8) in base 7?
-10
What is 6 (base 13) in base 11?
6
Convert -3 (base 15) to base 14.
-3
-65 (base 8) to base 10
-53
What is -11000 (base 2) in base 15?
-19
Convert -6 (base 12) to base 3.
-20
Convert 2 (base 6) to base 12.
2
Convert -222 (base 13) to base 8.
-556
Convert -10 (base 4) to base 5.
-4
-6 (base 7) to base 12
-6
Convert -10 (base 5) to base 2.
-101
3 (base 6) to base 9
3
What is -53 (base 11) in base 4?
-322
What is a (base 16) in base 8?
12
-1 (base 9) to base 16
-1
Convert -1 (base 7) to base 15.
-1
Convert 29 (base 14) to base 6.
101
What is 20 (base 5) in base 15?
a
0 (base 13) to base 9
0
What is -6f (base 16) in base 9?
-133
24 (base 10) to base 5
44
-101 (base 3) to base 12
-a
Convert 102110 (base 3) to base 4.
10311
2 (base 5) to base 3
2
Convert 2 (base 5) to base 6.
2
Convert -1 (base 4) to base 6.
-1
Convert 6 (base 16) to base 10.
6
What is 71 (base 8) in base 9?
63
What is 132 (base 6) in base 7?
110
-101 (base 2) to base 16
-5
3 (base 8) to base 7
3
What is 542 (base 7) in base 10?
275
Convert -207 (base 10) to base 9.
-250
What is -25 (base 6) in base 4?
-101
What is 101 (base 2) in base 7?
5
10100 (base 2) to base 4
110
-2 (base 13) to base 7
-2
63 (base 12) to base 4
1023
6 (base 16) to base 10
6
What is -18 (base 16) in base 4?
-120
Convert -110 (base 2) to base 15.
-6
-8 (base 11) to base 9
-8
Convert -112 (base 4) to base 16.
-16
What is -24 (base 9) in base 5?
-42
Convert 15 (base 11) to base 16.
10
168 (base 14) to base 2
100100000
-111 (base 3) to base 7
-16
-67 (base 9) to base 13
-49
-26 (base 7) to base 11
-19
-152 (base 7) to base 8
-126
What is 0 (base 8) in base 13?
0
What is -11 (base 2) in base 7?
-3
Convert -b (base 16) to base 4.
-23
12100 (base 3) to base 10
144
Convert -1051 (base 6) to base 16.
-f7
What is 5 (base 6) in base 14?
5
20 (base 5) to base 14
a
-28 (base 13) to base 10
-34
What is 5 (base 11) in base 6?
5
1001 (base 2) to base 10
9
What is -1 (base 9) in base 2?
-1
What is -17 (base 14) in base 12?
-19
Convert -55 (base 7) to base 9.
-44
1 (base 5) to base 4
1
Convert 24 (base 13) to base 10.
30
Convert 2d (base 15) to base 9.
47
What is -6 (base 16) in base 12?
-6
What is 42 (base 13) in base 8?
66
What is 1 (base 3) in base 2?
1
-4 (base 11) to base 16
-4
What is 24 (base 11) in base 4?
122
What is 0 (base 7) in base 11?
0
4 (base 5) to base 8
4
Convert -100 (base 2) to base 7.
-4
Convert -1010110 (base 2) to base 13.
-68
Convert 1110 (base 2) to base 8.
16
What is -a (base 13) in base 10?
-10
-2 (base 8) to base 6
-2
What is 1a (base 12) in base 2?
10110
-a (base 15) to base 7
-13
1c (base 13) to base 6
41
114 (base 9) to base 7
163
What is 212 (base 4) in base 11?
35
What is -11 (base 2) in base 10?
-3
What is -5 (base 10) in base 13?
-5
4 (base 8) to base 5
4
What is -5 (base 12) in base 9?
-5
Convert -1 (base 16) to base 9.
-1
-3 (base 11) to base 15
-3
Convert 6 (base 7) to base 13.
6
61 (base 11) to base 15
47
Convert -42 (base 6) to base 9.
-28
-10 (base 6) to base 9
-6
What is -36 (base 11) in base 8?
-47
-5 (base 16) to base 5
-10
10 (base 11) to base 15
b
1011 (base 2) to base 13
b
Convert -2e (base 16) to base 9.
-51
What is -2 (base 14) in base 9?
-2
What is 18 (base 9) in base 13?
14
What is 3 (base 4) in base 6?
3
What is 0 (base 5) in base 16?
0
Convert -9 (base 13) to base 11.
-9
Convert -11 (base 16) to base 9.
-18
11 (base 2) to base 3
10
What is 3 (base 5) in base 11?
3
What is -14 (base 10) in base 4?
-32
28 (base 10) to base 14
20
What is 18 (base 12) in base 16?
14
What is 7 (base 15) in base 3?
21
Convert 24 (base 7) to base 12.
16
Convert -5 (base 6) to base 9.
-5
-3 (base 6) to base 14
-3
Convert d1 (base 14) to base 5.
1213
What is -16 (base 12) in base 8?
-22
Convert 0 (base 11) to base 5.
0
Convert 28 (base 11) to base 15.
20
-1 (base 13) to base 5
-1
What is 8 (base 12) in base 4?
20
411 (base 9) to base 14
19c
What is 11 (base 7) in base 11?
8
What is 2 (base 13) in base 12?
2
-101 (base 2) to base 11
-5
Convert b (base 13) to base 2.
1011
Convert 12 (base 9) to base 8.
13
-1 (base 3) to base 7
-1
-112 (base 3) to base 5
-24
Convert 6 (base 14) to base 11.
6
What is 28 (base 9) in base 2?
11010
What is -49 (base 11) in base 3?
-1222
-23 (base 10) to base 9
-25
What is -233 (base 6) in base 7?
-162
What is 1000011 (base 2) in base 14?
4b
Convert -142 (base 7) to base 3.
-2221
Convert -2 (base 8) to base 12.
-2
58 (base 11) to base 9
70
1 (base 11) to base 7
1
5 (base 6) to base 8
5
What is -7 (base 14) in base 16?
-7
4 (base 7) to base 6
4
-120 (base 4) to base 14
-1a
What is -3 (base 7) in base 16?
-3
What is 66 (base 12) in base 10?
78
What is -3 (base 12) in base 15?
-3
421 (base 6) to base 7
313
Convert 1 (base 16) to base 2.
1
Convert 2 (base 5) to base 2.
10
-1222 (base 3) to base 13
-41
Convert 232 (base 11) to base 3.
101021
-10 (base 3) to base 5
-3
What is -506 (base 7) in base 15?
-11b
-1 (base 6) to base 5
-1
Convert -4 (base 11) to base 14.
-4
Convert 11110 (base 2) to base 9.
33
Convert 2 (base 15) to base 8.
2
What is -11 (base 3) in base 2?
-100
What is 10 (base 5) in base 14?
5
What is 0 (base 15) in base 3?
0
What is -48 (base 15) in base 8?
-104
Convert -1 (base 8) to base 4.
-1
Convert 4 (base 6) to base 10.
4
-3 (base 11) to base 5
-3
-19 (base 14) to base 9
-25
What is 525 (base 7) in base 11?
220
-101 (base 12) to base 3
-12101
Convert -9 (base 15) to base 8.
-11
What is 2020 (base 3) in base 5?
220
What is -111111 (base 2) in base 5?
-223
Convert 43 (base 15) to base 4.
333
112 (base 7) to base 9
64
Convert -7 (base 9) to base 8.
-7
-1420 (base 5) to base 6
-1031
What is -8 (base 10) in base 9?
-8
-11 (base 4) to base 13
-5
0 (base 11) to base 16
0
Convert 11000111 (base 2) to base 9.
241
What is -2 (base 7) in base 6?
-2
Convert -120 (base 7) to base 15.
-43
-3 (base 16) to base 5
-3
-20 (base 13) to base 11
-24
8 (base 16) to base 3
22
2 (base 15) to base 12
2
-20 (base 15) to base 8
-36
Convert -4 (base 5) to base 8.
-4
-26 (base 14) to base 12
-2a
What is c (base 13) in base 6?
20
What is -206 (base 8) in base 15?
-8e
Convert -8 (base 10) to base 6.
-12
Convert 4 (base 13) to base 16.
4
What is -12 (base 4) in base 14?
-6
Convert -7 (base 15) to base 10.
-7
What is -2 (base 11) in base 14?
-2
-90 (base 16) to base 7
-264
What is 43 (base 10) in base 3?
1121
What is 12 (base 8) in base 9?
11
What is 10110010 (base 2) in base 7?
343
Convert -e (base 15) to base 13.
-11
What is -1000010 (base 2) in base 13?
-51
-11 (base 3) to base 11
-4
-11c (base 16) to base 9
-345
What is 1 (base 11) in base 7?
1
60 (base 15) to base 8
132
-7 (base 9) to base 15
-7
Convert 301 (base 5) to base 9.
84
-11 (base 2) to base 15
-3
3 (base 12) to base 16
3
Convert 1204 (base 5) to base 13.
10a
Convert 1000010 (base 2) to base 11.
60
Convert -121 (base 7) to base 10.
-64
Convert a2 (base 12) to base 13.
95
What is 8 (base 15) in base 12?
8
-1 (base 15) to base 9
-1
Convert 101 (base 2) to base 7.
5
-313 (base 6) to base 9
-140
Convert 5 (base 11) to base 12.
5
What is -100100 (base 3) in base 12?
-190
Convert -2a (base 11) to base 7.
-44
What is 33 (base 4) in base 12?
13
-132 (base 4) to base 8
-36
What is -50 (base 14) in base 4?
-1012
-11 (base 8) to base 5
-14
-114 (base 5) to base 12
-2a
What is 50 (base 9) in base 12?
39
Convert -50 (base 12) to base 2.
-111100
4 (base 13) to base 11
4
What is 130 (base 6) in base 15?
39
What is -3 (base 7) in base 9?
-3
What is 101010 (base 2) in base 7?
60
What is -15 (base 8) in base 16?
-d
What is -14 (base 16) 